{"id":4302,"date":"2016-12-19T19:37:12","date_gmt":"2016-12-19T18:37:12","guid":{"rendered":"http:\/\/intercom-ic.home.pl\/autoinstalator\/wordpress2\/?page_id=41"},"modified":"2026-04-16T15:18:57","modified_gmt":"2026-04-16T13:18:57","slug":"projekty","status":"publish","type":"page","link":"http:\/\/zspgbuk.pl\/?page_id=4302","title":{"rendered":"PROJEKTY"},"content":{"rendered":"<h3><span style=\"color: #800000;\"><strong>Projekt \u201eSkarby Buku &#8211; poprawa kompetencji uczni\u00f3w w Gminie Buk nr FEWP.09.02-IZ.00-0053\/25\u201d<\/strong><\/span><\/h3>\r\n<p><span style=\"color: #000000;\"><a style=\"color: #000000;\" href=\"http:\/\/zspgbuk.pl\/wp-content\/uploads\/2026\/03\/1_KOREKTA_Harmonogram-warsztatow-z-kompetencji-kluczowych_12.03.2026.pdf\" target=\"_blank\" rel=\"noopener\">HARMONOGRAM WSPARCIA &#8211; 1<\/a><\/span><\/p>\r\n<p><span style=\"color: #000000;\"><a style=\"color: #000000;\" href=\"http:\/\/zspgbuk.pl\/wp-content\/uploads\/2026\/04\/Harmonogram-kursu-stylizacji-paznokci_5-6.05.2026.pdf\" target=\"_blank\" rel=\"noopener\">HARMONOGRAM WSPARCIA &#8211; 2 (kurs stylizacji paznokci)<\/a><\/span><\/p>\r\n<h3><strong><a href=\"http:\/\/zspgbuk.pl\/wp-content\/uploads\/2026\/01\/SKARBY-BUKU-opis-projektu.pdf\" target=\"_blank\" rel=\"noopener\"><span style=\"color: #993300;\">Opis projektu<\/span><\/a><\/strong><\/h3>\r\n<h3><span style=\"color: #993300;\"><strong><a style=\"color: #993300;\" href=\"http:\/\/zspgbuk.pl\/wp-content\/uploads\/2026\/01\/SKARBY-BUKU-REGULAMIN-REKRUTACJI-W-PROJEKCIE.pdf\" target=\"_blank\" rel=\"noopener\">Regulamin rekrutacji<\/a><\/strong><\/span><\/h3>\r\n<h3><span style=\"color: #000000;\">Dokumenty zg\u0142oszeniowe do pobrania:<\/span><\/h3>\r\n<h3><a href=\"http:\/\/zspgbuk.pl\/wp-content\/uploads\/2026\/01\/SKARBY-BUKU-FORMULARZ-ZGLOSZENIOWY.pdf\" target=\"_blank\" rel=\"noopener\"><span style=\"color: #993300;\"><strong>Formularz rekrutacyjny<\/strong><\/span><\/a><\/h3>\r\n<h3><span style=\"color: #993300;\"><strong><a style=\"color: #993300;\" href=\"http:\/\/zspgbuk.pl\/wp-content\/uploads\/2026\/01\/SKARBY-BUKU-deklaracja-uczestnictwa.pdf\" target=\"_blank\" rel=\"noopener\">Deklaracja uczestnictwa<\/a><\/strong><\/span><\/h3>\r\n<h3><span style=\"color: #993300;\"><strong><a style=\"color: #993300;\" href=\"http:\/\/zspgbuk.pl\/wp-content\/uploads\/2026\/01\/SKARBY-BUKU-OSWIADCZENIE-RODO.pdf\" target=\"_blank\" rel=\"noopener\">O\u015bwiadczenie RODO &#8211; obowi\u0105zek informacyjny<\/a><\/strong><\/span><\/h3>\r\n<p>&nbsp;<\/p>\r\n\r\n<h3 class=\"wp-block-heading\"><span style=\"color: #000080;\"><strong>Projekt <em>&#8222;<\/em><\/strong>Poprawa dost\u0119pno\u015bci do edukacji szkolnej w Mie\u015bcie i Gminie Buk nr FEWP.06.07-IZ.00-0054\/24<strong><em>&#8222;<\/em><\/strong><\/span><\/h3>\r\n\r\n\r\n\r\n<h3 class=\"wp-block-heading\"><a href=\"http:\/\/zspgbuk.pl\/wp-content\/uploads\/2025\/05\/2025_opis_projektu_SZKOLY_na_strone_www.pdf\" target=\"_blank\" rel=\"noopener\">Opis projektu<\/a><\/h3>\r\n<h3><a href=\"http:\/\/zspgbuk.pl\/wp-content\/uploads\/2024\/12\/REGULAMIN-REKRUTACJI-W-PROJEKCIE-BS.pdf\" target=\"_blank\" rel=\"noopener\">Regulamin rekrutacji<\/a><\/h3>\r\n<h3><span style=\"color: #000000;\">Dokumenty zg\u0142oszeniowe do pobrania:<\/span><\/h3>\r\n<h3><a href=\"http:\/\/zspgbuk.pl\/wp-content\/uploads\/2025\/05\/FORMULARZ-REKRUTACYJNY-UCZEN.pdf\" target=\"_blank\" rel=\"noopener\">Formularz rekrutacyjny<\/a><\/h3>\r\n<h3><a href=\"http:\/\/zspgbuk.pl\/wp-content\/uploads\/2025\/05\/DEKLARACJA-UCZESTNICTWA-PROJEKT.pdf\" target=\"_blank\" rel=\"noopener\">Deklaracja uczestnictwa<\/a><\/h3>\r\n<h3><a href=\"http:\/\/zspgbuk.pl\/wp-content\/uploads\/2025\/05\/OSWIADCZENIE-RODO-OBOWIAZEK-INFORMACYJNY.pdf\" target=\"_blank\" rel=\"noopener\">O\u015bwiadczenie RODO &#8211; obowi\u0105zek informacyjny<\/a><\/h3>\r\n<h3>\u00a0<\/h3>\r\n","protected":false},"excerpt":{"rendered":"<p>Projekt \u201eSkarby Buku &#8211; poprawa kompetencji uczni\u00f3w w Gminie Buk nr FEWP.09.02-IZ.00-0053\/25\u201d HARMONOGRAM WSPARCIA &#8211; 1 HARMONOGRAM WSPARCIA &#8211; 2 (kurs stylizacji paznokci) Opis projektu Regulamin rekrutacji Dokumenty zg\u0142oszeniowe do pobrania: Formularz rekrutacyjny Deklaracja uczestnictwa O\u015bwiadczenie RODO &#8211; obowi\u0105zek informacyjny &nbsp; Projekt &#8222;Poprawa dost\u0119pno\u015bci do edukacji szkolnej w Mie\u015bcie i [&hellip;]<\/p>\n","protected":false},"author":3,"featured_media":0,"parent":0,"menu_order":0,"comment_status":"closed","ping_status":"closed","template":"","meta":[],"_links":{"self":[{"href":"http:\/\/zspgbuk.pl\/index.php?rest_route=\/wp\/v2\/pages\/4302"}],"collection":[{"href":"http:\/\/zspgbuk.pl\/index.php?rest_route=\/wp\/v2\/pages"}],"about":[{"href":"http:\/\/zspgbuk.pl\/index.php?rest_route=\/wp\/v2\/types\/page"}],"author":[{"embeddable":true,"href":"http:\/\/zspgbuk.pl\/index.php?rest_route=\/wp\/v2\/users\/3"}],"replies":[{"embeddable":true,"href":"http:\/\/zspgbuk.pl\/index.php?rest_route=%2Fwp%2Fv2%2Fcomments&post=4302"}],"version-history":[{"count":41,"href":"http:\/\/zspgbuk.pl\/index.php?rest_route=\/wp\/v2\/pages\/4302\/revisions"}],"predecessor-version":[{"id":11266,"href":"http:\/\/zspgbuk.pl\/index.php?rest_route=\/wp\/v2\/pages\/4302\/revisions\/11266"}],"wp:attachment":[{"href":"http:\/\/zspgbuk.pl\/index.php?rest_route=%2Fwp%2Fv2%2Fmedia&parent=4302"}],"curies":[{"name":"wp","href":"https:\/\/api.w.org\/{rel}","templated":true}]}}