{"id":19,"date":"2016-12-19T19:33:37","date_gmt":"2016-12-19T18:33:37","guid":{"rendered":"http:\/\/intercom-ic.home.pl\/autoinstalator\/wordpress2\/?page_id=19"},"modified":"2025-12-19T10:25:08","modified_gmt":"2025-12-19T09:25:08","slug":"organy-szkoly","status":"publish","type":"page","link":"https:\/\/zspgbuk.pl\/?page_id=19","title":{"rendered":"Organy Szko\u0142y"},"content":{"rendered":"<p>&nbsp;<\/p>\n<div id=\"pl-19\" class=\"panel-layout\">\n<div id=\"pg-19-0\" class=\"panel-grid panel-no-style\">\n<div id=\"pgc-19-0-0\" class=\"panel-grid-cell\" data-weight=\"1\">\n<div id=\"panel-19-0-0-0\" class=\"so-panel widget widget_black-studio-tinymce widget_black_studio_tinymce panel-first-child\" data-index=\"0\" data-style=\"{&quot;background_image_attachment&quot;:false,&quot;background_display&quot;:&quot;tile&quot;}\">\n<div class=\"textwidget\">\n<table style=\"width: 100%; height: 523px;\" border=\"1\" width=\"100%\">\n<tbody>\n<tr style=\"height: 66px;\">\n<td style=\"height: 66px; width: 45.8754%;\">\n<h4><span style=\"color: #000000;\"><strong>Dyrektor szko\u0142y\u00a0 \u00a0 \u00a0 \u00a0 \u00a0 \u00a0 \u00a0 \u00a0\u00a0<\/strong><\/span><\/h4>\n<\/td>\n<td style=\"height: 66px; width: 52.2727%;\">\n<h4><span style=\"color: #000000;\"><strong><em>Karolina Wawrzyniak<\/em><\/strong><\/span><\/h4>\n<\/td>\n<td style=\"height: 66px; width: 1.09428%;\"><\/td>\n<\/tr>\n<tr style=\"height: 247px;\">\n<td style=\"height: 33px; width: 45.8754%;\">\n<h4><span style=\"color: #000000;\"><strong>Kierownik kszta\u0142cenia praktycznego<br \/>\n<\/strong><\/span><\/h4>\n<h4><\/h4>\n<\/td>\n<td style=\"height: 33px; width: 52.2727%;\"><\/td>\n<td style=\"height: 33px; width: 1.09428%;\"><\/td>\n<\/tr>\n<tr style=\"height: 242px;\">\n<td style=\"height: 242px; width: 45.8754%;\">\n<h4><span style=\"color: #000000;\"><strong>Pedagog<\/strong><\/span><\/h4>\n<\/td>\n<td style=\"height: 242px; width: 53.367%;\" colspan=\"2\">\n<h4><span style=\"color: #000000;\"><strong><em>Kamila Kozdrowska<\/em><\/strong><\/span><\/h4>\n<h4><span style=\"color: #000000;\">Godziny pracy:<\/span><\/h4>\n<h4><span style=\"color: #000000;\"><strong>I ZMIANA: <\/strong><\/span><\/h4>\n<ul>\n<li><span style=\"color: #000000;\"><strong>poniedzia\u0142ek:<\/strong> 9.50-10:50<\/span><\/li>\n<li><span style=\"color: #000000;\"><strong>wtorek:\u00a0<\/strong>8:00-9:40; 11:00-15:00<\/span><\/li>\n<li><span style=\"color: #000000;\"><strong>\u015broda:<\/strong> 8.00-12:00<\/span><\/li>\n<li><span style=\"color: #000000;\"><strong>czwartek<\/strong>: 11:30-15:30<\/span><\/li>\n<li><span style=\"color: #000000;\"><strong>pi\u0105tek: <\/strong>8:00-12:00<\/span><\/li>\n<\/ul>\n<h4><span style=\"color: #000000;\">\u00a0 II ZMIANA:<\/span><\/h4>\n<ul>\n<li><span style=\"color: #000000;\"><strong>poniedzia\u0142ek:<\/strong> 8:00-10:55<\/span><\/li>\n<li><span style=\"color: #000000;\"><strong>wtorek: <\/strong>8.00-9.40; 13.00-15.00<\/span><\/li>\n<li><span style=\"color: #000000;\"><strong>\u015broda:<\/strong> 8.00-12:00<\/span><\/li>\n<li><span style=\"color: #000000;\"><strong>czwartek<\/strong>: 11:30-15:30<\/span><\/li>\n<li><strong><span style=\"color: #000000;\">pi\u0105tek:\u00a0<\/span><\/strong><span style=\"color: #000000;\">8:00-12:00<\/span><\/li>\n<\/ul>\n<\/td>\n<\/tr>\n<tr style=\"height: 66px;\">\n<td style=\"height: 66px; width: 45.8754%;\">\n<h4><span style=\"color: #000000;\"><strong>Pedagog specjalny<\/strong><\/span><\/h4>\n<\/td>\n<td style=\"height: 66px; width: 53.367%;\" colspan=\"2\">\n<h4><\/h4>\n<h4><span style=\"color: #000000;\"><strong><em>Karolina Wawrzyniak, Jaros\u0142aw Kasperek<\/em><\/strong><\/span><\/h4>\n<p>&nbsp;<\/td>\n<\/tr>\n<tr style=\"height: 244px;\">\n<td style=\"height: 116px; width: 45.8754%;\">\n<h4><span style=\"color: #000000;\"><strong>Psycholog<\/strong><\/span><\/h4>\n<h4><span style=\"color: #000000;\"><strong>\u00a0<\/strong><\/span><\/h4>\n<\/td>\n<td style=\"height: 116px; width: 53.367%;\" colspan=\"2\">\n<h4><\/h4>\n<h4><span style=\"color: #000000;\"><strong><em>Ma\u0142gorzata Gawro\u0144ska<\/em><\/strong><\/span><\/h4>\n<h4><span style=\"color: #000000;\">Godziny pracy:<\/span><\/h4>\n<ul>\n<li><span style=\"color: #000000;\"><strong>wtorek:<\/strong> 7.15-15.15<\/span><\/li>\n<\/ul>\n<h4><\/h4>\n<h4><span style=\"color: #000000;\"><strong><em>Olga Mazurek-Lipka<\/em><\/strong><\/span><\/h4>\n<h4><span style=\"color: #000000;\">Godziny pracy:<\/span><\/h4>\n<ul>\n<li><span style=\"color: #000000;\"><strong>\u015broda, czwartek<\/strong><\/span><\/li>\n<\/ul>\n<\/td>\n<\/tr>\n<\/tbody>\n<\/table>\n<\/div>\n<\/div>\n<div id=\"panel-19-0-0-1\" class=\"so-panel widget widget_black-studio-tinymce widget_black_studio_tinymce\" data-index=\"1\" data-style=\"{&quot;background_image_attachment&quot;:false,&quot;background_display&quot;:&quot;tile&quot;}\">\n<h3 class=\"widget-title\"><span style=\"color: #000000;\">NAUCZYCIELE<\/span><strong style=\"font-size: 16px;\"><span style=\"color: #000000;\">\u00a0 \u00a0<\/span> \u00a0 \u00a0 \u00a0 \u00a0 \u00a0 \u00a0 \u00a0 \u00a0 \u00a0 \u00a0 \u00a0 \u00a0 \u00a0\u00a0<\/strong><\/h3>\n<div class=\"textwidget\">\n<h4><\/h4>\n<table style=\"width: 100%; height: 1122px;\" border=\"1\" width=\"100%\">\n<tbody>\n<tr style=\"height: 66px;\">\n<td style=\"height: 66px; width: 46.1279%;\">\n<h4><span style=\"color: #000000;\"><strong>J\u0119zyk polski<\/strong><\/span><\/h4>\n<\/td>\n<td style=\"height: 66px; width: 53.367%;\">\n<h4><span style=\"color: #000000; font-family: georgia, palatino, serif;\"><em>Katarzyna D\u0105browicz, <\/em><\/span><span style=\"color: #000000; font-family: georgia, palatino, serif;\"><em>Paulina Ka\u0142ek<\/em><\/span><\/h4>\n<\/td>\n<\/tr>\n<tr style=\"height: 66px;\">\n<td style=\"height: 66px; width: 46.1279%;\"><\/td>\n<td style=\"height: 66px; width: 53.367%;\"><\/td>\n<\/tr>\n<tr style=\"height: 66px;\">\n<td style=\"height: 66px; width: 46.1279%;\">\n<h4><span style=\"color: #000000;\"><strong>J\u0119zyk angielski\u00a0 \u00a0 \u00a0 \u00a0 \u00a0 \u00a0 \u00a0 \u00a0 \u00a0<\/strong><\/span><\/h4>\n<\/td>\n<td style=\"height: 66px; width: 53.367%;\">\n<h4><span style=\"color: #000000; font-family: georgia, palatino, serif;\"><em>Maciej Hoffmann, Pawe\u0142 Jacyno<\/em><\/span><\/h4>\n<\/td>\n<\/tr>\n<tr style=\"height: 66px;\">\n<td style=\"height: 66px; width: 46.1279%;\">\n<h4><span style=\"color: #000000;\"><strong>Matematyka\u00a0 \u00a0 \u00a0 \u00a0 \u00a0 \u00a0 \u00a0 \u00a0 \u00a0 \u00a0 \u00a0 \u00a0 \u00a0 \u00a0 \u00a0 \u00a0 \u00a0 \u00a0 \u00a0 \u00a0 \u00a0\u00a0<\/strong><\/span><\/h4>\n<\/td>\n<td style=\"height: 66px; width: 53.367%;\">\n<h4><span style=\"color: #000000; font-family: georgia, palatino, serif;\"><em>El\u017cbieta Rogozi\u0144ska, Agnieszka Chodorowska<\/em><\/span><\/h4>\n<\/td>\n<\/tr>\n<tr style=\"height: 66px;\">\n<td style=\"height: 66px; width: 46.1279%;\">\n<h4 style=\"text-align: left;\"><span style=\"color: #000000;\"><strong>Biologia\u00a0 \u00a0<\/strong><strong style=\"font-family: inherit;\">\u00a0 \u00a0 \u00a0 \u00a0 \u00a0 \u00a0 \u00a0 \u00a0 \u00a0 \u00a0 \u00a0 \u00a0<\/strong><\/span><\/h4>\n<\/td>\n<td style=\"height: 66px; width: 53.367%;\">\n<h4 style=\"font-family: 'Helvetica Neue', Helvetica, Arial, sans-serif; color: #333333;\"><span style=\"color: #000000; font-family: georgia, palatino, serif;\"><em>Katarzyna Melcer<\/em><\/span><\/h4>\n<\/td>\n<\/tr>\n<tr style=\"height: 66px;\">\n<td style=\"height: 66px; width: 46.1279%;\">\n<h4><span style=\"color: #000000;\"><strong>Geografia<\/strong><strong style=\"font-family: inherit;\">\u00a0 \u00a0 \u00a0 \u00a0 \u00a0 \u00a0 \u00a0 \u00a0 \u00a0 \u00a0 \u00a0 \u00a0 \u00a0 \u00a0 \u00a0 \u00a0 \u00a0 \u00a0 \u00a0 \u00a0 \u00a0 \u00a0 \u00a0\u00a0<\/strong><\/span><\/h4>\n<\/td>\n<td style=\"height: 66px; width: 53.367%;\">\n<h4 style=\"font-family: 'Helvetica Neue', Helvetica, Arial, sans-serif; color: #333333;\"><span style=\"color: #000000; font-family: georgia, palatino, serif;\"><em>Tomasz Kubaczyk<\/em><\/span><\/h4>\n<\/td>\n<\/tr>\n<tr style=\"height: 66px;\">\n<td style=\"height: 66px; width: 46.1279%;\">\n<h4><span style=\"color: #000000;\"><strong>Biznes i zarz\u0105dzanie<\/strong><strong style=\"font-family: inherit;\">\u00a0 \u00a0 \u00a0 \u00a0 \u00a0 \u00a0 \u00a0 \u00a0 \u00a0 \u00a0 \u00a0 \u00a0 \u00a0 \u00a0 \u00a0 \u00a0 \u00a0 \u00a0 \u00a0\u00a0<\/strong><\/span><\/h4>\n<\/td>\n<td style=\"height: 66px; width: 53.367%;\">\n<h4 style=\"font-family: 'Helvetica Neue', Helvetica, Arial, sans-serif; color: #333333;\"><span style=\"color: #000000; font-family: georgia, palatino, serif;\"><em>Jaros\u0142aw Kasperek<\/em><\/span><\/h4>\n<\/td>\n<\/tr>\n<tr style=\"height: 66px;\">\n<td style=\"height: 66px; width: 46.1279%;\">\n<h4><span style=\"color: #000000;\"><strong>Historia<\/strong><strong style=\"font-family: inherit;\">\u00a0 \u00a0 \u00a0 \u00a0<\/strong><\/span><\/h4>\n<\/td>\n<td style=\"height: 66px; width: 53.367%;\">\n<h4 style=\"font-family: 'Helvetica Neue', Helvetica, Arial, sans-serif; color: #333333;\"><span style=\"color: #000000; font-family: georgia, palatino, serif;\"><em>Anna Rakowska-K\u0119ska<\/em><\/span><\/h4>\n<\/td>\n<\/tr>\n<tr style=\"height: 66px;\">\n<td style=\"height: 66px; width: 46.1279%;\">\n<h4 style=\"font-family: 'Helvetica Neue', Helvetica, Arial, sans-serif; color: #333333;\"><span style=\"color: #000000;\"><strong><span style=\"font-family: georgia, palatino, serif;\">Edukacja dla bezpiecze\u0144stwa\u00a0 <\/span>\u00a0<\/strong><\/span><\/h4>\n<\/td>\n<td style=\"height: 66px; width: 53.367%;\">\n<h4 style=\"font-family: 'Helvetica Neue', Helvetica, Arial, sans-serif; color: #333333;\"><span style=\"color: #000000; font-family: georgia, palatino, serif;\"><em>Andrzej D\u0105browski<\/em><\/span><\/h4>\n<\/td>\n<\/tr>\n<tr style=\"height: 66px;\">\n<td style=\"height: 66px; width: 46.1279%;\">\n<h4><span style=\"color: #000000;\"><strong>Zaj\u0119cia rewalidacyjne<\/strong><\/span><\/h4>\n<\/td>\n<td style=\"height: 66px; width: 53.367%;\">\n<h4 style=\"font-family: 'Helvetica Neue', Helvetica, Arial, sans-serif; color: #333333;\"><span style=\"color: #000000; font-family: georgia, palatino, serif;\"><em>Andrzej Jankowski<\/em><\/span><\/h4>\n<\/td>\n<\/tr>\n<tr style=\"height: 66px;\">\n<td style=\"height: 66px; width: 46.1279%;\">\n<h4 style=\"font-family: 'Helvetica Neue', Helvetica, Arial, sans-serif; color: #333333;\"><span style=\"color: #000000;\"><strong><span style=\"font-family: georgia, palatino, serif;\">Informatyka\u00a0<\/span> \u00a0<\/strong><\/span><\/h4>\n<\/td>\n<td style=\"height: 66px; width: 53.367%;\">\n<h4 style=\"font-family: 'Helvetica Neue', Helvetica, Arial, sans-serif; color: #333333;\"><span style=\"color: #000000; font-family: georgia, palatino, serif;\"><em>Maciej Hoffmann<\/em><\/span><\/h4>\n<\/td>\n<\/tr>\n<tr style=\"height: 66px;\">\n<td style=\"height: 66px; width: 46.1279%;\">\n<h4><span style=\"color: #000000;\"><strong>Doradztwo zawodowe\u00a0 \u00a0 \u00a0 \u00a0 \u00a0 \u00a0 \u00a0\u00a0<\/strong><\/span><\/h4>\n<\/td>\n<td style=\"height: 66px; width: 53.367%;\">\n<h4><span style=\"color: #000000; font-family: georgia, palatino, serif;\"><em>Olga Mazurek-Lipka<\/em><\/span><\/h4>\n<\/td>\n<\/tr>\n<tr style=\"height: 66px;\">\n<td style=\"height: 66px; width: 46.1279%;\">\n<h4><span style=\"color: #000000;\"><strong>Zaj\u0119cia rozwijaj\u0105ce kompetencje zawodowe\u00a0 \u00a0 \u00a0 \u00a0 \u00a0 \u00a0 \u00a0 \u00a0 \u00a0 \u00a0 \u00a0 \u00a0 \u00a0 \u00a0 \u00a0 \u00a0 \u00a0 \u00a0 \u00a0<\/strong><\/span><\/h4>\n<\/td>\n<td style=\"height: 66px; width: 53.367%;\">\n<h4><span style=\"color: #000000; font-family: georgia, palatino, serif;\"><em>Olga Mazurek-Lipka, Jaros\u0142aw Kasperek<\/em><\/span><\/h4>\n<\/td>\n<\/tr>\n<tr style=\"height: 66px;\">\n<td style=\"height: 66px; width: 46.1279%;\">\n<h4><span style=\"color: #000000;\"><strong>Wychowanie fizyczne\u00a0 \u00a0 \u00a0 \u00a0 \u00a0 \u00a0 \u00a0 \u00a0 \u00a0 \u00a0 \u00a0 \u00a0 \u00a0 \u00a0<\/strong><\/span><\/h4>\n<\/td>\n<td style=\"height: 66px; width: 53.367%;\">\n<h4><em><span style=\"color: #000000; font-family: georgia, palatino, serif;\">Agnieszka Wojciechowska, Rafa\u0142 Skomra, <\/span><\/em><em style=\"color: #000000; font-family: georgia, palatino, serif; font-size: inherit;\">Monika Wietecha, Tomasz Kubaczyk, Andrzej D\u0105browski<\/em><\/h4>\n<\/td>\n<\/tr>\n<tr style=\"height: 66px;\">\n<td style=\"height: 66px; width: 46.1279%;\">\n<h4><span style=\"color: #000000;\"><strong>Edukacja obywatelska<\/strong><\/span><\/h4>\n<\/td>\n<td style=\"height: 66px; width: 53.367%;\">\n<h4 style=\"font-family: 'Helvetica Neue', Helvetica, Arial, sans-serif; color: #333333;\"><span style=\"color: #000000; font-family: georgia, palatino, serif;\"><em>Anna Rakowska-K\u0119ska<\/em><\/span><\/h4>\n<\/td>\n<\/tr>\n<tr style=\"height: 66px;\">\n<td style=\"height: 66px; width: 46.1279%;\">\n<h4><span style=\"color: #000000;\"><strong>Religia\u00a0 \u00a0 \u00a0 \u00a0 \u00a0 \u00a0 \u00a0 \u00a0 \u00a0 \u00a0 \u00a0 \u00a0 \u00a0 \u00a0 \u00a0 \u00a0 \u00a0 \u00a0 \u00a0 \u00a0 \u00a0 \u00a0 \u00a0 \u00a0 \u00a0 \u00a0 \u00a0 \u00a0<\/strong><\/span><\/h4>\n<\/td>\n<td style=\"height: 66px; width: 53.367%;\">\n<h4><span style=\"color: #000000; font-family: georgia, palatino, serif;\"><em>Marek Kobus<\/em><\/span><\/h4>\n<\/td>\n<\/tr>\n<tr style=\"height: 66px;\">\n<td style=\"height: 66px; width: 46.1279%;\">\n<h4><span style=\"color: #000000;\"><strong>Edukacja zdrowotna<\/strong><\/span><\/h4>\n<\/td>\n<td style=\"height: 66px; width: 53.367%;\">\n<h4><span style=\"color: #000000; font-family: georgia, palatino, serif;\"><em>Olga Mazurek-Lipka, Ma\u0142gorzata Gawro\u0144ska, Katarzyna Melcer<\/em><\/span><\/h4>\n<\/td>\n<\/tr>\n<\/tbody>\n<\/table>\n<\/div>\n<\/div>\n<div id=\"panel-19-0-0-2\" class=\"so-panel widget widget_black-studio-tinymce widget_black_studio_tinymce\" data-index=\"2\" data-style=\"{&quot;background_image_attachment&quot;:false,&quot;background_display&quot;:&quot;tile&quot;}\">\n<h3 class=\"widget-title\">RADA RODZIC\u00d3W<\/h3>\n<div class=\"textwidget\">\n<table style=\"width: 100%;\" border=\"1\" width=\"100%\">\n<tbody>\n<tr>\n<td style=\"width: 46.9697%;\">\n<h4><strong>Przewodnicz\u0105cy:<\/strong><\/h4>\n<\/td>\n<td style=\"width: 52.4411%;\">\n<h4><span style=\"color: #000000;\"><em>El\u017cbieta Borowicz<\/em><\/span><\/h4>\n<\/td>\n<\/tr>\n<tr>\n<td style=\"width: 46.9697%;\"><\/td>\n<td style=\"width: 52.4411%;\"><\/td>\n<\/tr>\n<tr>\n<td style=\"width: 46.9697%;\">\n<h4><strong>Skarbnik:<\/strong><\/h4>\n<\/td>\n<td style=\"width: 52.4411%;\">\n<h4><em><span style=\"color: #000000;\">\u00a0<\/span><\/em><em style=\"font-family: inherit; font-size: inherit;\"><span style=\"color: #000000;\">Magdalena Drobnik<\/span><\/em><\/h4>\n<\/td>\n<\/tr>\n<tr>\n<td style=\"width: 46.9697%;\">\n<h4><strong>Sekretarz:<\/strong><\/h4>\n<\/td>\n<td style=\"width: 52.4411%;\">\n<h4><em><span style=\"color: #000000;\">Sylwia Kowal<\/span><\/em><\/h4>\n<\/td>\n<\/tr>\n<\/tbody>\n<\/table>\n<h4 style=\"text-align: center;\"><strong>KONTO RADY RODZIC\u00d3W:<\/strong><br \/>\nGospodarczy Bank Sp\u00f3\u0142dzielczy w Mosinie<br \/>\nNumer konta: <strong>03 9048 0007 2002 0010 0087 0001<\/strong><\/h4>\n<\/div>\n<\/div>\n<div id=\"panel-19-0-0-3\" class=\"so-panel widget widget_black-studio-tinymce widget_black_studio_tinymce panel-last-child\" data-index=\"3\" data-style=\"{&quot;background_image_attachment&quot;:false,&quot;background_display&quot;:&quot;tile&quot;}\">\n<h3 class=\"widget-title\">SAMORZ\u0104D UCZNIOWSKI<\/h3>\n<div class=\"textwidget\">\n<p><strong>Skarbnik:<\/strong><\/p>\n<p>&nbsp;<\/p>\n<table style=\"width: 100%; height: 268px;\" border=\"1\" width=\"100%\">\n<tbody>\n<tr style=\"height: 113px;\">\n<td style=\"height: 113px; width: 24.7406%;\">\n<h4><strong>Przewodnicz\u0105cy:<\/strong><\/h4>\n<\/td>\n<td style=\"height: 113px; width: 74.7008%;\">\n<h4><span style=\"color: #000000;\"><i><span style=\"color: #b00000;\"><span style=\"color: #000000;\">I zmiana:<\/span>\u00a0<\/span><\/i><span style=\"color: #b00000;\">Zuzanna B\u0105k &#8211; <span style=\"color: #000000;\"><em>klasa 3c<\/em><\/span><\/span><\/span><\/h4>\n<h4><span style=\"color: #000000;\"><i><span style=\"color: #b00000;\"><span style=\"color: #000000;\">II zmiana:<\/span>\u00a0<\/span><\/i><span style=\"color: #b00000;\">Filip \u015awi\u0105tek &#8211;\u00a0<span style=\"color: #000000;\"><em>klasa 2d<\/em><\/span><\/span><\/span><\/h4>\n<\/td>\n<\/tr>\n<tr style=\"height: 66px;\">\n<td style=\"height: 66px; width: 24.7406%;\">\n<h4><strong><i><\/i>Zast\u0119pcy:<\/strong><\/h4>\n<\/td>\n<td style=\"height: 66px; width: 74.7008%;\">\n<h4><span style=\"color: #000000;\">Robert Stefaniak &#8211; 2a, Patryk Ko\u017alarek &#8211; 3b<\/span><\/h4>\n<\/td>\n<\/tr>\n<tr style=\"height: 66px;\">\n<td style=\"height: 66px; width: 24.7406%;\">\n<h4><strong>Cz\u0142onkowie:<\/strong><\/h4>\n<\/td>\n<td style=\"height: 66px; width: 74.7008%;\">\n<h4><span style=\"color: #000000;\"><em>Oliwia G\u00f3rniak, Hubert \u017belazowski, Micha\u0142 Ratajczak, Micha\u0142 Fisiak<\/em><\/span><\/h4>\n<\/td>\n<\/tr>\n<tr style=\"height: 23px;\">\n<td style=\"height: 23px; width: 24.7406%;\"><\/td>\n<td style=\"height: 23px; width: 74.7008%;\"><\/td>\n<\/tr>\n<\/tbody>\n<\/table>\n<\/div>\n<\/div>\n<\/div>\n<\/div>\n<\/div>\n","protected":false},"excerpt":{"rendered":"<p>&nbsp; Dyrektor szko\u0142y\u00a0 \u00a0 \u00a0 \u00a0 \u00a0 \u00a0 \u00a0 \u00a0\u00a0 Karolina Wawrzyniak Kierownik kszta\u0142cenia praktycznego Pedagog Kamila Kozdrowska Godziny pracy: I ZMIANA: poniedzia\u0142ek: 9.50-10:50 wtorek:\u00a08:00-9:40; 11:00-15:00 \u015broda: 8.00-12:00 czwartek: 11:30-15:30 pi\u0105tek: 8:00-12:00 \u00a0 II ZMIANA: poniedzia\u0142ek: 8:00-10:55 wtorek: 8.00-9.40; 13.00-15.00 \u015broda: 8.00-12:00 czwartek: 11:30-15:30 pi\u0105tek:\u00a08:00-12:00 Pedagog specjalny Karolina Wawrzyniak, Jaros\u0142aw [&hellip;]<\/p>\n","protected":false},"author":3,"featured_media":404,"parent":79,"menu_order":0,"comment_status":"closed","ping_status":"closed","template":"","meta":[],"_links":{"self":[{"href":"https:\/\/zspgbuk.pl\/index.php?rest_route=\/wp\/v2\/pages\/19"}],"collection":[{"href":"https:\/\/zspgbuk.pl\/index.php?rest_route=\/wp\/v2\/pages"}],"about":[{"href":"https:\/\/zspgbuk.pl\/index.php?rest_route=\/wp\/v2\/types\/page"}],"author":[{"embeddable":true,"href":"https:\/\/zspgbuk.pl\/index.php?rest_route=\/wp\/v2\/users\/3"}],"replies":[{"embeddable":true,"href":"https:\/\/zspgbuk.pl\/index.php?rest_route=%2Fwp%2Fv2%2Fcomments&post=19"}],"version-history":[{"count":47,"href":"https:\/\/zspgbuk.pl\/index.php?rest_route=\/wp\/v2\/pages\/19\/revisions"}],"predecessor-version":[{"id":10880,"href":"https:\/\/zspgbuk.pl\/index.php?rest_route=\/wp\/v2\/pages\/19\/revisions\/10880"}],"up":[{"embeddable":true,"href":"https:\/\/zspgbuk.pl\/index.php?rest_route=\/wp\/v2\/pages\/79"}],"wp:featuredmedia":[{"embeddable":true,"href":"https:\/\/zspgbuk.pl\/index.php?rest_route=\/wp\/v2\/media\/404"}],"wp:attachment":[{"href":"https:\/\/zspgbuk.pl\/index.php?rest_route=%2Fwp%2Fv2%2Fmedia&parent=19"}],"curies":[{"name":"wp","href":"https:\/\/api.w.org\/{rel}","templated":true}]}}