{"id":33,"date":"2016-12-19T19:36:00","date_gmt":"2016-12-19T18:36:00","guid":{"rendered":"https:\/\/zspgbuk.pl\/?page_id=33"},"modified":"2026-01-21T13:56:34","modified_gmt":"2026-01-21T12:56:34","slug":"strefa-ucznia","status":"publish","type":"page","link":"https:\/\/zspgbuk.pl\/?page_id=33","title":{"rendered":"STREFA UCZNIA"},"content":{"rendered":"<h2><a href=\"http:\/\/zspgbuk.pl\/wp-content\/uploads\/2025\/08\/WYKAZ-PODRECZNIKOW-2025_26.pdf\" target=\"_blank\" rel=\"noopener\"><span style=\"color: #ff0000;\"><strong>Wykaz podr\u0119cznik\u00f3w na rok 2025\/2026<\/strong><\/span><\/a><\/h2>\n<h2><span style=\"color: #000080;\"><a style=\"color: #000080;\" href=\"http:\/\/zspgbuk.pl\/wp-content\/uploads\/2021\/06\/Niezbednik-mlodocianego-pracownika.pdf\" target=\"_blank\" rel=\"noopener\"><strong>Niezb\u0119dnik m\u0142odocianego pracownika<\/strong><\/a><\/span><\/h2>\n<h2><a href=\"http:\/\/zspgbuk.pl\/wp-content\/uploads\/2016\/12\/ABC-m\u0142odocianego-pracownika-1.pdf\" target=\"_blank\" rel=\"noopener\"><strong>ABC M\u0142odocianego pracownika<\/strong><\/a><\/h2>\n<h2><a href=\"http:\/\/zspgbuk.pl\/wp-content\/uploads\/2018\/07\/Pracownik-m\u0142odociany-PIP.pdf\" target=\"_blank\" rel=\"noopener\"><strong>Pracownik m\u0142odociany &#8211; poradnik Pa\u0144stwowej Inspekcji Pracy<\/strong><\/a><\/h2>\n<h2><a href=\"http:\/\/zspgbuk.pl\/wp-content\/uploads\/2018\/06\/Ocena-z-praktyk.pdf\" target=\"_blank\" rel=\"noopener\"><span style=\"color: #993366;\"><strong>Druk oceny z praktyk &#8211; dla I i II klas\u00a0<\/strong><\/span><\/a><\/h2>\n<h2><a href=\"http:\/\/zspgbuk.pl\/wp-content\/uploads\/2020\/05\/Ocena-z-praktyk-ko\u0144cowa.pdf\" target=\"_blank\" rel=\"noopener\"><span style=\"color: #339966;\"><strong>Druk oceny ko\u0144cowej z praktyk &#8211; dla III klasy<\/strong><\/span><\/a><\/h2>\n<h2><span style=\"font-size: 24pt;\">Egzaminy zawodowe i czeladnicze<\/span><\/h2>\n<p><a href=\"http:\/\/zspgbuk.pl\/wp-content\/uploads\/2026\/01\/HARMONOGRAM-EGZAMINOW-ZAWODOWYCH-2026-F2019-TRZYLITEROWY.pdf\" target=\"_blank\" rel=\"noopener\"><strong>Harmonogram egzamin\u00f3w zawodowych 2026<\/strong> <\/a><\/p>\n<p><strong>Informatory o egzaminie zawodowym &#8211; <a href=\"https:\/\/cke.gov.pl\/egzamin-zawodowy\/egzamin-zawodowy-formula-2019\/informatory-wyposazenie-osrodkow\/informatory\/\">Informatory \u2013 CKE<\/a><\/strong><\/p>\n<p><strong>Informacje o egzaminie czeladniczym &#8211; <a href=\"https:\/\/www.irpoznan.com.pl\/strona,egzamin-czeladniczy-2.html\">Egzamin czeladniczy<\/a><\/strong><\/p>\n<p><strong>Op\u0142ata za egzamin zawodowy &#8211; <a href=\"https:\/\/www.oke.poznan.pl\/cms,105,oplata_za_egzamin.htm\">Op\u0142ata za egzamin &#8211; OKE Pozna\u0144<\/a><\/strong><\/p>\n<p><strong><u>TESTY I ZADANIA EGZAMINACYJNE \u2013 linki:<\/u><\/strong><\/p>\n<p><strong><u><a href=\"https:\/\/kwalifikacjewzawodzie.pl\/_kwalifikacje\/\">kwalifikacje | kwalifikacje w zawodzie<\/a><\/u><\/strong><\/p>\n<p><strong><u><a href=\"https:\/\/www.testy.egzaminzawodowy.info\/\" class=\"broken_link\">https:\/\/www.testy.egzaminzawodowy.info\/<\/a><\/u><\/strong><\/p>\n<p><strong>Zadania jawne na egzamin zawodowy &#8211; <u><a href=\"https:\/\/cke.gov.pl\/egzamin-zawodowy\/egzamin-zawodowy-formula-2019\/jawne-zadania-egzaminacyjne-czesc-praktyczna\/\">Jawne zadania egzaminacyjne (cz\u0119\u015b\u0107 praktyczna) \u2013 CKE<\/a><\/u><\/strong><\/p>\n<p><strong><u>Przyk\u0142adowe pytania egzaminacyjne na egzamin czeladniczy &#8211; <a href=\"https:\/\/www.irpoznan.com.pl\/strona,pytania-egzaminacyjne.html\">Pytania egzaminacyjne<\/a><\/u><\/strong><\/p>\n","protected":false},"excerpt":{"rendered":"<p>Wykaz podr\u0119cznik\u00f3w na rok 2025\/2026 Niezb\u0119dnik m\u0142odocianego pracownika ABC M\u0142odocianego pracownika Pracownik m\u0142odociany &#8211; poradnik Pa\u0144stwowej Inspekcji Pracy Druk oceny z praktyk &#8211; dla I i II klas\u00a0 Druk oceny ko\u0144cowej z praktyk &#8211; dla III klasy Egzaminy zawodowe i czeladnicze Harmonogram egzamin\u00f3w zawodowych 2026 Informatory o egzaminie zawodowym &#8211; [&hellip;]<\/p>\n","protected":false},"author":2,"featured_media":0,"parent":0,"menu_order":0,"comment_status":"closed","ping_status":"closed","template":"","meta":[],"_links":{"self":[{"href":"https:\/\/zspgbuk.pl\/index.php?rest_route=\/wp\/v2\/pages\/33"}],"collection":[{"href":"https:\/\/zspgbuk.pl\/index.php?rest_route=\/wp\/v2\/pages"}],"about":[{"href":"https:\/\/zspgbuk.pl\/index.php?rest_route=\/wp\/v2\/types\/page"}],"author":[{"embeddable":true,"href":"https:\/\/zspgbuk.pl\/index.php?rest_route=\/wp\/v2\/users\/2"}],"replies":[{"embeddable":true,"href":"https:\/\/zspgbuk.pl\/index.php?rest_route=%2Fwp%2Fv2%2Fcomments&post=33"}],"version-history":[{"count":34,"href":"https:\/\/zspgbuk.pl\/index.php?rest_route=\/wp\/v2\/pages\/33\/revisions"}],"predecessor-version":[{"id":10917,"href":"https:\/\/zspgbuk.pl\/index.php?rest_route=\/wp\/v2\/pages\/33\/revisions\/10917"}],"wp:attachment":[{"href":"https:\/\/zspgbuk.pl\/index.php?rest_route=%2Fwp%2Fv2%2Fmedia&parent=33"}],"curies":[{"name":"wp","href":"https:\/\/api.w.org\/{rel}","templated":true}]}}