{"id":4299,"date":"2016-12-19T19:35:27","date_gmt":"2016-12-19T18:35:27","guid":{"rendered":"http:\/\/intercom-ic.home.pl\/autoinstalator\/wordpress2\/?page_id=29"},"modified":"2026-01-23T13:43:48","modified_gmt":"2026-01-23T12:43:48","slug":"dokumenty-szkolne","status":"publish","type":"page","link":"https:\/\/zspgbuk.pl\/?page_id=4299","title":{"rendered":"DOKUMENTY SZKOLNE"},"content":{"rendered":"<p><img decoding=\"async\" loading=\"lazy\" class=\"wp-image-589 aligncenter\" src=\"http:\/\/zspgbuk.pl\/wp-content\/uploads\/2017\/03\/dokumenty.jpg\" alt=\"\" width=\"670\" height=\"329\" srcset=\"https:\/\/zspgbuk.pl\/wp-content\/uploads\/2017\/03\/dokumenty.jpg 657w, https:\/\/zspgbuk.pl\/wp-content\/uploads\/2017\/03\/dokumenty-300x147.jpg 300w\" sizes=\"(max-width: 670px) 100vw, 670px\" \/><\/p>\n<ul>\n<li>\n<h2><strong><a href=\"http:\/\/zspgbuk.pl\/wp-content\/uploads\/2026\/01\/Statut-BS_od-04.11.2025.pdf\" target=\"_blank\" rel=\"noopener noreferrer\">Statut szko\u0142y<\/a><\/strong><\/h2>\n<\/li>\n<li>\n<h2><a href=\"http:\/\/zspgbuk.pl\/wp-content\/uploads\/2024\/02\/BS_Standardyochrony-maloletnich.pdf\" target=\"_blank\" rel=\"noopener\"><strong>Standardy ochrony ma\u0142oletnich w Bran\u017cowej Szkole I Stopnia w Buku<\/strong><\/a><\/h2>\n<\/li>\n<li>\n<h2><a href=\"http:\/\/zspgbuk.pl\/wp-content\/uploads\/2024\/02\/BS_STANDARDY-wersja-skrocona.pdf\" target=\"_blank\" rel=\"noopener\"><strong>Standardy ochrony ma\u0142oletnich &#8211; <em>wersja skr\u00f3cona<\/em><\/strong><\/a><\/h2>\n<\/li>\n<li>\n<h2><strong><a href=\"http:\/\/zspgbuk.pl\/wp-content\/uploads\/2016\/12\/Koncepcja-BS.pdf\" target=\"_blank\" rel=\"noopener noreferrer\">Koncepcja pracy szko\u0142y<\/a><\/strong><\/h2>\n<\/li>\n<li>\n<h2><strong><a href=\"http:\/\/zspgbuk.pl\/wp-content\/uploads\/2016\/12\/Regulamin-szko\u0142y-1.pdf\" target=\"_blank\" rel=\"noopener noreferrer\">Regulamin szko\u0142y<\/a><\/strong><\/h2>\n<\/li>\n<li>\n<h2><strong><a href=\"http:\/\/zspgbuk.pl\/wp-content\/uploads\/2025\/10\/SZKOLNY-PROGRAM-WYCHOWAWCZO-PROFILAKTYCZNY_2025-26.pdf\" target=\"_blank\" rel=\"noopener noreferrer\">Program wychowawczo-profilaktyczny<\/a><\/strong><\/h2>\n<\/li>\n<li>\n<h2><strong><a href=\"http:\/\/zspgbuk.pl\/wp-content\/uploads\/2018\/08\/Procedury-reagowania-w-sytuacjach-zagro\u017cenia.pdf\" target=\"_blank\" rel=\"noopener noreferrer\">Procedury reagowania w sytuacjach zagro\u017cenia<\/a><\/strong><\/h2>\n<\/li>\n<li>\n<h2><a href=\"http:\/\/zspgbuk.pl\/wp-content\/uploads\/2024\/11\/Regulamin-korzystania-z-szafek-szkolnych.pdf\" target=\"_blank\" rel=\"noopener\"><strong>Regulamin korzystania z szafek szkolnych<\/strong><\/a><\/h2>\n<\/li>\n<li>\n<h2><a href=\"http:\/\/zspgbuk.pl\/wp-content\/uploads\/2018\/11\/Procedury-korzystania-z-monitoringu-wizyjnego.pdf\" target=\"_blank\" rel=\"noopener noreferrer\"><strong>Procedury korzystania z monitoringu wizyjnego<\/strong><\/a><\/h2>\n<\/li>\n<li>\n<h2><a href=\"http:\/\/zspgbuk.pl\/wp-content\/uploads\/2022\/05\/klazula-informacyjna-monitoring.pdf\" target=\"_blank\" rel=\"noopener noreferrer\"><strong>Klauzula informacyjna dotycz\u0105ca monitoringu<\/strong><\/a><\/h2>\n<\/li>\n<li>\n<h2><strong><a href=\"http:\/\/zspgbuk.pl\/wp-content\/uploads\/2022\/05\/klazula-informacyjna-strona-www.pdf\" target=\"_blank\" rel=\"noopener noreferrer\">Informacja dotycz\u0105ca przetwarzania danych osobowych <\/a><\/strong><\/h2>\n<\/li>\n<li>\n<h2><a href=\"http:\/\/zspgbuk.pl\/wp-content\/uploads\/2022\/03\/Klauzula-informacyjna_po-ukrainsku.pdf\" target=\"_blank\" rel=\"noopener\"><strong>Informacja o przetwarzaniu danych osobowych po ukrai\u0144sku<\/strong><\/a><\/h2>\n<\/li>\n<\/ul>\n","protected":false},"excerpt":{"rendered":"<p>Statut szko\u0142y Standardy ochrony ma\u0142oletnich w Bran\u017cowej Szkole I Stopnia w Buku Standardy ochrony ma\u0142oletnich &#8211; wersja skr\u00f3cona Koncepcja pracy szko\u0142y Regulamin szko\u0142y Program wychowawczo-profilaktyczny Procedury reagowania w sytuacjach zagro\u017cenia Regulamin korzystania z szafek szkolnych Procedury korzystania z monitoringu wizyjnego Klauzula informacyjna dotycz\u0105ca monitoringu Informacja dotycz\u0105ca przetwarzania danych osobowych Informacja [&hellip;]<\/p>\n","protected":false},"author":3,"featured_media":404,"parent":79,"menu_order":0,"comment_status":"closed","ping_status":"closed","template":"","meta":[],"_links":{"self":[{"href":"https:\/\/zspgbuk.pl\/index.php?rest_route=\/wp\/v2\/pages\/4299"}],"collection":[{"href":"https:\/\/zspgbuk.pl\/index.php?rest_route=\/wp\/v2\/pages"}],"about":[{"href":"https:\/\/zspgbuk.pl\/index.php?rest_route=\/wp\/v2\/types\/page"}],"author":[{"embeddable":true,"href":"https:\/\/zspgbuk.pl\/index.php?rest_route=\/wp\/v2\/users\/3"}],"replies":[{"embeddable":true,"href":"https:\/\/zspgbuk.pl\/index.php?rest_route=%2Fwp%2Fv2%2Fcomments&post=4299"}],"version-history":[{"count":21,"href":"https:\/\/zspgbuk.pl\/index.php?rest_route=\/wp\/v2\/pages\/4299\/revisions"}],"predecessor-version":[{"id":10921,"href":"https:\/\/zspgbuk.pl\/index.php?rest_route=\/wp\/v2\/pages\/4299\/revisions\/10921"}],"up":[{"embeddable":true,"href":"https:\/\/zspgbuk.pl\/index.php?rest_route=\/wp\/v2\/pages\/79"}],"wp:featuredmedia":[{"embeddable":true,"href":"https:\/\/zspgbuk.pl\/index.php?rest_route=\/wp\/v2\/media\/404"}],"wp:attachment":[{"href":"https:\/\/zspgbuk.pl\/index.php?rest_route=%2Fwp%2Fv2%2Fmedia&parent=4299"}],"curies":[{"name":"wp","href":"https:\/\/api.w.org\/{rel}","templated":true}]}}